hen f is divided by 16?
15
Let x(u) be the first derivative of -u**3/3 + 2*u**2 + 25. Let h be x(4). Suppose -2*z + m + 73 = h, 9 = m + 2*m. What is the remainder when z is divided by 10?
8
Calculate the remainder when 221 is divided by (-5)/(5/(-21))*1.
11
Let z = 63 + -59. Suppose 0 = -3*o + 3*p - 207, 2*o + 3*p = z*o + 139. Let w = -51 - o. Calculate the remainder when 65 is divided by w.
14
Let h = -8 + 54. Calculate the remainder when h is divided by 19.
8
Let a be (-2)/(3 + -5 + -3 + 3). Let q = 128 - a. Calculate the remainder when q is divided by 34.
25
Let r = -122 - -121. What is the remainder when 261 is divided by 18/((-2)/r)*2860/390?
63
Let s(c) = 348*c**3 - 197*c + 196. Calculate the remainder when 31921 is divided by s(1).
344
Suppose 0 = u + 16*u + 2652. What is the remainder when 28 is divided by 0 - u/10 - 2/(-5)?
12
Let a be (12/(-8))/(10/(-20)). What is the remainder when (-28)/(2 + (-7 - a/(-1))) is divided by 2?
0
Suppose 6*u - 2*k - 12 = 2*u, 16 = 5*u - 2*k. Suppose 4*w - 40 = -4*a, -16 = -u*a + 2*w - 0*w. What is the remainder when 274/a + 5/15 is divided by 12?
10
Let g(f) = -15*f - 8. Let h(b) = 8*b + 4. Let q(c) = 3*g(c) + 5*h(c). Let x(v) = 3*v + 6. What is the remainder when q(-8) is divided by x(5)?
15
Suppose 3*d = -75 + 729. Let p = d + -199. What is the remainder when 188 is divided by p?
17
What is the remainder when 41 + -50 - 833/(-1) is divided by 6?
2
Suppose -617*g = -618*g + 35. Suppose -2*h = -98 - 142. Suppose -5*p + h = 5*x, -5*x + 5 = -2*p + 18. What is the remainder when g is divided by p?
16
Suppose -17443 = -16*t - 4403. What is the remainder when t is divided by 20?
15
Let p = 11776 + -11596. What is the remainder when 2325 is divided by p?
165
Suppose -4*x + 4*k + 272 = 0, -23*k + 24*k - 56 = -x. Calculate the remainder when 556 is divided by x.
60
Let u(n) = 251*n**2 - 304*n - 1242. What is the remainder when u(-4) is divided by 17?
12
Let l be -2*((-12)/8 + 0). Suppose 2 + 13 = l*s. Suppose 0 = s*r - 0*r - 20. What is the remainder when r is divided by 3?
1
Let z = -248 + 252. Let a be ((-6)/(-15))/((-2)/(-10)). Suppose -y - 37 = -5*g, a*g - 5*y = 3 - 2. What is the remainder when g is divided by z?
0
Let d(z) = -2*z**3 + 33*z**2 + 17*z - 11. Calculate the remainder when d(4) is divided by 156.
145
Let l = -11261 + 11429. Calculate the remainder when l is divided by 146.
22
Let n = 8168 - 7966. Calculate the remainder when 1413 is divided by n.
201
Calculate the remainder when (-28094)/(-12) - (-2)/(-12) is divided by 1168.
5
Suppose 35*p - 26*p - 27 = 0. Suppose -b + 2*l - 137 = -2*b, b - 119 = 4*l. Calculate the remainder when b is divided by 44/p*(12 - 252/24).
21
Suppose -15940 = -42*l - 9010. What is the remainder when 10064 is divided by l?
164
Let s(j) = 11*j - 9. Let d be s(-5). Let t be (-7 - -6)*(4/(-2) + d). Let c = t + -52. What is the remainder when c is divided by 4?
2
Let p be (4 - (-1 + 4))*-357. Let o = p - -369. Suppose 6*y = 10*y - 72. Calculate the remainder when y is divided by o.
6
Suppose -13*m = -14*m + 52. Calculate the remainder when 0 - 4/7 - 54682/(-266) is divided by m.
49
Let y = 1 + 3. Let h(i) = -i**3 + 10*i**2 + 10*i + 16. Let q be h(11). Suppose 35 = 4*f - 2*m + q*m, -f + 8 = m. Calculate the remainder when f is divided by y.
3
Let z be 19 - (63/14 + (-1)/2). Let l(m) = m**3 - 15*m**2 + 4*m - 2. What is the remainder when 635 is divided by l(z)?
55
Suppose 797 = 14*z - 1079. What is the remainder when z is divided by 27?
26
Calculate the remainder when (-70)/1*((-4930)/203 + 24) is divided by 2.
0
Let n(z) = -2*z + 1. Let y = 81 - 85. Calculate the remainder when (-29)/y + (-12)/48 is divided by n(-1).
1
Suppose -3*l = 3*h + 10 - 4, -4*l + 2 = 2*h. Suppose -2*i - 2 = -2*f - 3*i, 5*i + 5 = -5*f. Calculate the remainder when (-3 + (f - -5))/1 is divided by l.
2
Let y = 3 + 17. Let d = 80 - 83. Calculate the remainder when y is divided by (d/(-1))/1 - (-27)/3.
8
Calculate the remainder when 2690 is divided by (-3 + 5)/((-108)/(-6318)).
116
Let p be 2532/10 + 192/(-160). What is the remainder when 233 is divided by p/5 - 18/45?
33
Let s be 1358/6 - 4/24*2. Suppose 2*x = -5*c + s, 2*c + 4*x = c + 38. Suppose -y + 64 = 3*y. What is the remainder when c is divided by y?
14
Suppose 0 = 8*a + 4*a + 5*a - 42109. What is the remainder when a is divided by 31?
28
Suppose 8792 + 16896 = 104*b. Calculate the remainder when b is divided by 46.
17
Let c(w) = 1623*w + 14656. What is the remainder when 6759 is divided by c(-9)?
46
Let y = -533 + 592. Suppose 3*v - 6 = 0, s = 2*s - 4*v - 109. What is the remainder when s is divided by y?
58
Suppose -6*l + 4 + 32 = 0. Let o be 0/(0 + (l - (3 + 0))). Suppose 0 = 2*q - 20 - o. What is the remainder when q is divided by 3?
1
Let j = -3 - 2. Let v(r) = r**3 + 6*r**2 + 2*r + 7. Calculate the remainder when ((-22925)/(-20))/(-35)*-4 is divided by v(j).
21
Suppose 3*f = -117 - 507. Let q be ((-21)/(-4))/(39/f). Let o = -6 - q. Calculate the remainder when o is divided by 13.
9
Let k = 5120 - 4288. Calculate the remainder when k is divided by 105.
97
Suppose 2*s - 301 = -13. Suppose -6*y + 156 = -s. Calculate the remainder when y is divided by 12.
2
Let o(z) = -6*z**2 - 13*z. Let m be o(-2). Suppose -2*y = -2*c + 25 + 7, -3*y + 47 = m*c. What is the remainder when c is divided by 10?
9
Let g(s) = 303*s**3 - 2*s**2 - 3*s + 4. Let n be g(1). Suppose -2*r + 6*y + n = 4*y, -2*r + 302 = 2*y. Calculate the remainder when r is divided by 78.
73
Let w be (5 + -1)*(157 + -5). Let z = w + -546. Calculate the remainder when z is divided by 54.
8
Let j be 27 - 21 - (3 - 0). Suppose 0 = -2*p + 4*f + 300, -8*p + 9*p - j*f - 151 = 0. Calculate the remainder when p is divided by 30.
28
Suppose 4*c - 3*h = 15, -13*h + 15*h = -2*c - 10. Suppose c = -12*f + 10*f + 20. What is the remainder when 75 is divided by f?
5
Suppose -3*b = -4*b + 22. What is the remainder when b is divided by 1 + -8 - (5/(-15))/(14/756)?
0
Let z(w) = -w**3 + 9*w**2 - 25*w - 10. Let m be z(8). Let v = m + 180. What is the remainder when v is divided by 18?
16
Let j(c) be the first derivative of 2*c**2 + 39*c - 96. Suppose 0 = -5*q + 2*f + 142, -4*q + 14 = -3*q - 4*f. What is the remainder when j(20) is divided by q?
29
Suppose 2*b + 5*c = 25, 2*c - 10 = 3*b - 0*c. Suppose -3*f + 87 + 51 = b. What is the remainder when 274 is divided by f?
44
Let d = 2906 - 2498. Calculate the remainder when d is divided by 128.
24
Let m = -3638 + 4194. What is the remainder when m is divided by 174?
34
Let s(v) = -40*v**2 + 450*v - 50. Suppose -2*n - 9 = -3*n. What is the remainder when s(11) is divided by n?
6
Let z(g) = 3*g - 67 - 66 + 136 + 36*g**2. What is the remainder when z(-1) is divided by 8?
4
Let l(q) = 2*q + 4. Let g be 5/(-3)*(-246)/205. Suppose -5*b - 2*r = -305, -g*b + 3*r - 58 = -161. What is the remainder when b is divided by l(8)?
19
Let p = 123 - 91. Suppose -186 + 6 = -2*z. Suppose -z = -r + 37. Calculate the remainder when r is divided by p.
31
Suppose -r = -10 + 5. Suppose r*y - 1 = 9. Suppose y*o - 10 = n, -2 = -4*n + 6. What is the remainder when 15 is divided by o?
3
Let s = -254 + 256. Suppose -s*t = -245 + 81. Calculate the remainder when 737 is divided by t.
81
Suppose -5*r + 196 = -4. Let f = -23 + r. Let z = 2 + f. Calculate the remainder when 35 is divided by z.
16
Suppose 51 + 94 = 10*d - 175. What is the remainder when 457 is divided by d?
9
Let i be 16 + 6/(-2) - -3. Suppose 1 = -5*s + i. Suppose -5*o - 48 = -2*p, -102 = -s*p + 5*o - 35. What is the remainder when 94 is divided by p?
18
Let i(b) = -13*b - 5. Let l = -42 + 45. Suppose -2070 = -l*j - 20*j. What is the remainder when j is divided by i(-4)?
43
Suppose -9992 = -67*a + 795. Calculate the remainder when 182 is divided by a.
21
Let h(f) = -f**3 + 10*f**2 + 73*f + 32. Let c be h(15). Suppose i - 4*i + 1522 = c*d, -2*i = 4*d - 1012. Calculate the remainder when i is divided by 51.
49
Let m(t) = 1 + 3 - 2*t - 14 + 9. What is the remainder when 38 is divided by m(-7)?
12
Suppose -4*r + 732 = 3*p + p, 5*p - r - 909 = 0. What is the remainder when p is divided by 9982/186*(-12)/(-14)?
44
Suppose 5*n - 5 + 20 = 0. Let t(s) = -2*s**2 - s + 3. Let r be t(n). Let a = 23 + r. What is the remainder when 43 is div